{"id":431,"date":"2024-03-15T18:22:41","date_gmt":"2024-03-15T21:22:41","guid":{"rendered":"https:\/\/kleberlopes.com\/guias\/?post_type=product&#038;p=431"},"modified":"2024-03-15T18:24:32","modified_gmt":"2024-03-15T21:24:32","slug":"conteudo-que-nao-converte","status":"publish","type":"product","link":"https:\/\/kleberlopes.com\/guias\/produto\/digital\/infoprodutores-e-criadores-de-curso-digital\/conteudo-que-nao-converte\/","title":{"rendered":"Conte\u00fado que N\u00e3o converte (Desilus\u00e3o)"},"content":{"rendered":"<p>Lorem ipsum dolor sit amet, consectetur adipiscing elit. Vestibulum iaculis massa nec velit commodo lobortis. Quisque diam lacus, tincidunt vitae eros porta, sagittis rhoncus est. Quisque sed justo a erat lobortis gravida. Suspendisse nibh neque, hendrerit vel nisi at, ultrices adipiscing justo. Nunc ullamcorper molestie felis at pharetra.<\/p>\n<p>Osaka Entry Tee NOK 399, Superdry &#8211; NELLY.COM<\/p>\n<p>Marfa authentic High Life veniam Carles nostrud, pickled meggings assumenda fingerstache keffiyeh Pinterest.<\/p>\n","protected":false},"excerpt":{"rendered":"<p>Lorem ipsum dolor sit amet, consectetur adipiscing elit. Vestibulum iaculis massa nec velit commodo lobortis. Quisque diam lacus, tincidunt vitae eros porta, sagittis rhoncus est. Quisque sed justo a erat lobortis gravida.<\/p>\n","protected":false},"featured_media":432,"comment_status":"closed","ping_status":"closed","template":"","meta":[],"product_cat":[79],"product_tag":[72],"_links":{"self":[{"href":"https:\/\/kleberlopes.com\/guias\/wp-json\/wp\/v2\/product\/431"}],"collection":[{"href":"https:\/\/kleberlopes.com\/guias\/wp-json\/wp\/v2\/product"}],"about":[{"href":"https:\/\/kleberlopes.com\/guias\/wp-json\/wp\/v2\/types\/product"}],"replies":[{"embeddable":true,"href":"https:\/\/kleberlopes.com\/guias\/wp-json\/wp\/v2\/comments?post=431"}],"wp:featuredmedia":[{"embeddable":true,"href":"https:\/\/kleberlopes.com\/guias\/wp-json\/wp\/v2\/media\/432"}],"wp:attachment":[{"href":"https:\/\/kleberlopes.com\/guias\/wp-json\/wp\/v2\/media?parent=431"}],"wp:term":[{"taxonomy":"product_cat","embeddable":true,"href":"https:\/\/kleberlopes.com\/guias\/wp-json\/wp\/v2\/product_cat?post=431"},{"taxonomy":"product_tag","embeddable":true,"href":"https:\/\/kleberlopes.com\/guias\/wp-json\/wp\/v2\/product_tag?post=431"}],"curies":[{"name":"wp","href":"https:\/\/api.w.org\/{rel}","templated":true}]}}